+ y = -2. What is the tens digit of r?
2
Let g(i) = 4 + 1 - i**2 + 0 - 6 - 354*i**3 - 2*i. What is the units digit of g(-1)?
4
Let n = -12795 + 18076. What is the tens digit of n?
8
Let n = 13498 + -8747. Suppose -3*u - 2*u - 2*f = -n, -u - 4*f = -961. What is the hundreds digit of u?
9
Let w = -56657 - -80588. What is the hundreds digit of w?
9
Let y(i) = -i**3 - 3*i**2 - i - 6. Suppose m = -5 + 2. Let a be y(m). What is the units digit of a/7 + ((-292)/(-7))/4?
0
Suppose 0 = 7*f + 10*f - 43095. Suppose -5*a - 685 = 3*x - f, 1862 = 3*x - a. What is the units digit of x?
0
Suppose 4*h + u = 27, -h - 4*u = -3*u - 3. Suppose -32 = -h*a + 208. Suppose 0 = -a*r + 24*r + 1050. What is the units digit of r?
5
What is the hundreds digit of 44/((14 + -7)/588)?
6
Suppose 0 = -4*t + 2*a + 4, -3*a = 5*t - 4*a - 11. Suppose -1143 = t*f - 6*f - 5*n, 0 = n - 3. What is the units digit of f?
6
What is the units digit of ((-43863)/(-5))/((-1296)/(-4320))?
2
Let w(h) = 36*h - 22. Let c be 2 - (1 - (-2 - -4)). What is the tens digit of w(c)?
8
Let r(x) = -x**3 - 28*x**2 - 25*x - 29. Let d(s) = 4*s + 104. Let i be d(-33). What is the units digit of r(i)?
1
Suppose -4*u = -d + 25 - 6, -4*u - 16 = 0. Suppose -2*b + d*b - 3 = 0. Suppose 2*r + 5*s + 130 = b*r, -4*r - 5*s + 595 = 0. What is the tens digit of r?
4
Suppose 2566 = -3*n + 8*n + 3*m, 4*n + 3*m - 2054 = 0. Let v = n - 280. What is the tens digit of v?
3
Let d = -121 + 121. Suppose -3*p = 2*y - 15, d = 4*p - 6*p - 5*y + 10. Suppose o + 0*o - p*s = 158, s + 174 = o. What is the tens digit of o?
7
Suppose -591 = -5*s + 2*x, -s = s - 2*x - 240. Suppose -342 = -9*k + s. Let p = k + -43. What is the units digit of p?
8
Let p(f) = f**3 + 16*f**2 + f + 21. Let z be p(-16). Suppose 71 = 2*r + z*q, 8*r - 4*r = 2*q + 154. Suppose m = 3*m - r. What is the units digit of m?
9
Let s = 22 + -11. Let x(m) = -m**2 + 15*m - 15. Let v be x(s). What is the units digit of -2*(-1)/1*v?
8
Let p = -159 - -94. Let w be p/(-78) - (-1)/6. What is the units digit of (-4 - (w + -2))*74/(-3)?
4
Let f(l) be the third derivative of l**6/120 - 7*l**5/30 - l**4/24 + l**3/2 + 12*l**2. Let s be f(14). Let v = s - -50. What is the tens digit of v?
3
Let p = 9452 - 2989. What is the units digit of p?
3
Let b(s) = -305*s - 2. Let y be b(-1). What is the thousands digit of 77/21*y/(0 - -1)?
1
Suppose -79*b + 528430 = -650408. What is the thousands digit of b?
4
Let p(k) = -k + 11. Let w be p(5). Suppose 3*v + w = 15. What is the tens digit of 0 + (-304)/(-6) - v/(-9)?
5
Suppose 0*q - 3*q = -6*q. Suppose -34 = -2*r - 4*h, 3*r + h - 3*h - 43 = q. Let x = 204 + r. What is the units digit of x?
9
Suppose 3*y + 5*m = 20, -3 = -2*y + 4*m + 3. Let x = -6315 - -6327. Suppose y*b = x*b - 434. What is the tens digit of b?
6
Let p = 77598 - 24883. What is the ten thousands digit of p?
5
Suppose -4*x + 4*o = -146228, 0 = -5*x + 7*o - 6*o + 182757. What is the ten thousands digit of x?
3
Let r(k) = 258*k**2 - 65*k - 39. What is the units digit of r(-5)?
6
Suppose -v - 75 = -2*v - 2*d, 5*v - 430 = d. Let p = v + -36. What is the tens digit of ((-5972)/(-14))/2 - 14/p?
1
Suppose 717 = 3*u - 198. Suppose 7*w = 2*w + u. Suppose 5*i + l + 4*l - 255 = 0, -i + w = 3*l. What is the tens digit of i?
4
Let d(n) = n**3 - 779*n - 1 + 779*n. Let x(j) = 5*j**3 + 28*j**2 - 11*j + 1. Let b(v) = -3*d(v) + x(v). What is the units digit of b(-14)?
8
Let t(l) = 12*l**2 - 5*l + 2. Let h = 92 - 57. Let r = h - 37. What is the units digit of t(r)?
0
Let x(g) = 3*g**2 + 59*g - 223. What is the thousands digit of x(-35)?
1
Let z(x) = -5*x + 2*x + 0*x + 12 - 3*x. Let b be z(8). Let h = 44 - b. What is the tens digit of h?
8
Suppose 438 + 152 = -5*w. What is the tens digit of (-4 - w)*(-3)/(1*-6)?
5
Let a(i) = 1225*i - 11572. What is the hundreds digit of a(52)?
1
Let j = 83 + 64. Let q = j + -145. Suppose 117 + 149 = q*c - 3*v, 0 = -v + 4. What is the hundreds digit of c?
1
Suppose u + 3 = t, t = -0*u - 3*u + 15. Let k(w) = 8*w**3 + 9*w**2 - 31*w - 5. What is the hundreds digit of k(t)?
8
Let h(v) = -187*v - 1752. What is the hundreds digit of h(-15)?
0
Suppose 1697491 = -53*z + 4765449. What is the units digit of z?
6
Let q(h) = 2*h**2. Let l be q(-1). Suppose 2*f - 3*z + 1 = 0, 4*f - 3*z + 3 = -l. What is the units digit of ((-4)/(-12))/(f/(-282))?
7
Suppose -31*f + 22*f = 0. What is the units digit of 735/10 + f - 3/2?
2
Let o(x) = 10*x**2 + 342*x + 465. Let b(t) = 2*t**2 + 68*t + 93. Let y(g) = 11*b(g) - 2*o(g). What is the tens digit of y(-43)?
3
Let a(k) be the third derivative of -k**5/60 - 25*k**4/24 + 23*k**3/3 - 14*k**2 + 5. What is the hundreds digit of a(-15)?
1
Suppose 1 = 2*n - 11. Suppose -i + 4 = n, 5*j + 9 = 3*i. What is the tens digit of 89 - 1/(-9)*j*-9?
9
Let h = -40 - -598. Suppose h + 262 = 4*d. What is the units digit of d?
5
Suppose 39 = 4*g + 27. Suppose -g*i = -1838 + 275. What is the tens digit of i?
2
What is the thousands digit of ((-51970)/8)/(590/(-944))?
0
Let k(j) = -61*j - 71. Let w(u) = -u**3 - 11*u**2 + 28*u + 8. Let b be w(-13). What is the tens digit of k(b)?
2
Let f(b) = -b**2 + 3*b + 5. Let z be f(4). Let q be (-44)/(-10) - 309/(-515). What is the tens digit of 88 - z/5*q?
8
Let r(v) = 85*v + 2470. What is the tens digit of r(84)?
1
Let o = 1327 + -900. Suppose p - y - o = -10, 3*p = 2*y + 1249. What is the units digit of p?
5
Suppose n - 2*d - 539 = -7*d, 4*n = -3*d + 2139. What is the hundreds digit of n?
5
Let s(a) = 30*a**2 - 13*a + 5. Let k = 585 - 583. What is the units digit of s(k)?
9
Suppose 11*f + 944 = 19*f. Suppose -4*p - 2*m = -f, -5*p = -5*m - 152 - 3. What is the tens digit of p?
3
What is the tens digit of (-7*4/(-210)*-9)/(111/(-7247560))?
5
Let y(j) = j + 26. Let v = 121 + -66. Suppose 3*r - v = 5*f, 0 = 2*r + 3*r + 2*f - 102. What is the tens digit of y(r)?
4
Suppose -3*r + 5*f + 42081 = 0, -14041 = -r + 95*f - 98*f. What is the tens digit of r?
3
Let c be (3 - (-5211 + -2)) + (-30)/10. What is the units digit of (2 + (3 - 4))/(13/c)?
1
Let h(k) = -2 - 92*k**3 + 4*k**2 - 515*k + 518*k - 1. What is the tens digit of h(-2)?
4
Let v(f) = 3*f**2 + 227*f + 15 - 447*f + 240*f. What is the units digit of v(8)?
7
Suppose 0 = 5*o - 20, 0*i = -i - 3*o - 161. Let f be (-1)/3 + (-4)/(72/(-5226)). Let t = f + i. What is the tens digit of t?
1
Suppose 5*m + 484 - 2099 = 0. Let t be -155 + 4/(16/(-12)) - 2. Let d = t + m. What is the units digit of d?
3
Let x = 2384 + -1560. What is the tens digit of x?
2
Suppose n + 96 = -0*n. Let r = 285 + n. Suppose -5*q - 30 = -2*t + 81, -3*t + r = -3*q. What is the units digit of t?
8
Let n = 142953 - 62328. What is the units digit of n?
5
Let x be 4/3*825/100. Let r(a) = 2*a**2 + 8*a - 15. What is the hundreds digit of r(x)?
3
Let z = -71 - -73. Suppose i - z = 0, 5*p - i = 2*p + 799. What is the units digit of p?
7
Suppose p + 4*w = 14145, -2*p = -12*w + 11*w - 28371. What is the hundreds digit of p?
1
Let i(h) be the second derivative of -h**5/120 + 5*h**4/12 + 37*h**3/6 - 21*h. Let f(a) be the second derivative of i(a). What is the units digit of f(-8)?
8
Suppose 2*h - 504 = 4*m, 4*h - 5*m + 274 = 1288. Let l = h + -70. What is the units digit of l?
6
Suppose -59*h = 20*h + 49*h - 98048. What is the tens digit of h?
6
Let b = 38 + -34. Suppose -25 = -5*i - c, b*i + 3*c - 4 = 16. Let l(p) = p**2 + 7*p. What is the units digit of l(i)?
0
What is the units digit of 6 + (-27)/15*(6 - (-69276)/(-36))?
9
Let o(v) = v - 3. Let f be o(-27). Let z(w) = -625*w**2 - w - 4. Let l be z(3). What is the units digit of 4/f - l/165?
4
Let c(v) = 865*v - 5813. What is the hundreds digit of c(43)?
3
Let y(u) = -169*u + 6152. What is the tens digit of y(0)?
5
Suppose 19*l = -54*l + 1816897. What is the ten thousands digit of l?
2
Suppose 19*o - 3*o - 82026 = 10*o. What is the hundreds digit of o?
6
Let n = -38 + -13. Let j be n - (4 - (-3 - -4)). What is the units digit of 4/((-2)/j*6)?
8
Let k be 2 + -3 + 0/6. Let o = 14 - k. Suppose -2*x - 1 = -o. What is the units digit of x?
7
Let h(q) = -41 + 4*q - 9 + q + 0*q. Let g be h(10). Suppose 3*u - 174 = -2*t, g*t + 5*t = 3*u + 435. What is the tens digit of t?
8
Let q = 129 - 125. Suppose 0 = -q*t - 5*j + 2274, 0 = -3*j - 10 + 4. What is the hundreds digit of t?
5
